{"id":385,"date":"2024-12-28T14:14:39","date_gmt":"2024-12-28T12:14:39","guid":{"rendered":"https:\/\/mariamartelli.ro\/?page_id=385"},"modified":"2025-11-14T15:48:17","modified_gmt":"2025-11-14T13:48:17","slug":"un-text-un-proiect-in-zine","status":"publish","type":"page","link":"https:\/\/mariamartelli.ro\/en\/un-text-un-proiect-in-zine\/","title":{"rendered":"Un Text. Un proiect \u00een zine"},"content":{"rendered":"<h2>\n\t\tUn Text. Un proiect de scris &#038; de zine\n\t<\/h2>\n\t<p>\u00cen 2023 am scris <strong>Un Text<\/strong>. Nu mai \u0219tiu exact de unde a venit, \u00eens\u0103 c\u0103utam o modalitate de a m\u0103 juca cu ideea de text, cu literele, cu ce poate cuv\u00e2ntul scris. A scrie \u0219i a m\u0103 \u00eentreba despre scris, despre stranietatea semnelor pe pagin\u0103 care pot comunica emo\u021bii \u0219i g\u00e2nduri. M\u0103 g\u00e2ndeam s\u0103 las paginile c\u00e2t mai dez\/ordinate, deschise, s\u0103 se poat\u0103 scrie l\u00e2ng\u0103, \u0219i cu timpul, s\u0103-l editez at\u00e2t de mult \u00eenc\u00e2t s\u0103 devin\u0103 altul, s\u0103 fie Un Text modificat, departe de versiunea original\u0103.<\/p>\n<p>\u00cen 2024 m-am pus s\u0103 scriu f\u0103r\u0103 s\u0103-l recitesc m\u0103car. Am vrut s\u0103 aflu ce o s\u0103 scriu acum pornind de la text, de la amintirea vag\u0103 a ideii de anul trecut. A\u0219a am scris <strong>Un Alt Text<\/strong>.<\/p>\n<p>\u00cen 2025 am revenit la acest joc &#8211; de data asta, a ie\u0219it altfel. Uitasem ce f\u0103cusem p\u00e2n\u0103 acum, nu am recitit, ca de obicei, \u0219i am \u00eempins textul \u00een direc\u021bii noi, p\u0103m\u00e2nte\u0219ti, reav\u0103ne. Se nume\u0219te <strong>Un text \u00eentr-o p\u0103dure de litere<\/strong>.<\/p>\n<p>Planuiesc, deci, s\u0103 continui acest exerci\u021biu, \u00een fiecare an, p\u00e2n\u0103 \u00ee\u0219i \u00eendepline\u0219te &#8211; \u0219i doar apoi pierde &#8211; semnifica\u021bia.<\/p>\n<p>S\u0103 scriu \u201eUn text&#8221;, iar \u0219i iar, la diferen\u021b\u0103 de un an. S\u0103 aflu ce fac anii cu \u201etextul&#8221;.<\/p>\n\t<p>Un Text. Maria Martelli, design \u0219i tehnoredactare de Mina Mimosa. 11 pg, 2023.<\/p>\n<p>Un Alt Text. Maria Martelli, design \u0219i tehnoredactare de Mina Mimosa, redactare de Raluca Panait 24 pg, 2024.<\/p>\n<p>Un text \u00eentr-o p\u0103dure de litere. Maria Martelli, design \u0219i tehnoredactare de Mina Mimosa, 24 pg, 2025.<\/p>\n\t<p>Zinele sunt tip\u0103rite \u00een tiraj foarte mic (20 &#8211; 30 exemplare). Primele dou\u0103 au fost tip\u0103rite pe h\u00e2rtie 100 mg, Aquarello Avorio, motiv pentru care au fost relativ scumpe. O alt\u0103 variant\u0103 de tipar pe h\u00e2rtie 80gr nu ar fi ar\u0103tat \u00eendeajuns de bine \u0219i nu ar fi fost mult mai ieftin\u0103. \u00cen 2025 apel\u00e2nd la prietenx am g\u0103sit o modalitate de a tip\u0103ri ceva mai ieftin, \u0219i ultimul num\u0103r se g\u0103se\u0219te pe libr\u0103ria <a href=\"https:\/\/www.pisica-neagra.ro\/produse-161\/un-text-%C3%AEntr-o-p%C4%83dure-de-litere-maria-martelli.html\">Pisica Neagr\u0103.<\/a><\/p>\n<p>Dac\u0103 vrei s\u0103 le cite\u0219ti PDF po\u021bi s\u0103-mi scri.<\/p>","protected":false},"excerpt":{"rendered":"<p>Un Text. Un proiect de scris &#038; de zine \u00cen 2023 am scris Un Text. Nu mai \u0219tiu exact de unde a venit, \u00eens\u0103 c\u0103utam o modalitate de a m\u0103 juca cu ideea de text, cu literele, cu ce poate cuv\u00e2ntul scris. A scrie \u0219i a m\u0103 \u00eentreba despre scris, despre stranietatea semnelor pe pagin\u0103&hellip;<\/p>","protected":false},"author":1,"featured_media":0,"parent":0,"menu_order":0,"comment_status":"closed","ping_status":"closed","template":"","meta":{"_monsterinsights_skip_tracking":false,"_monsterinsights_sitenote_active":false,"_monsterinsights_sitenote_note":"","_monsterinsights_sitenote_category":0,"footnotes":""},"class_list":["post-385","page","type-page","status-publish","hentry"],"yoast_head":"<!-- This site is optimized with the Yoast SEO plugin v26.7 - https:\/\/yoast.com\/wordpress\/plugins\/seo\/ -->\n<title>Un Text. Un proiect \u00een zine - Maria Martelli<\/title>\n<meta name=\"robots\" content=\"index, follow, max-snippet:-1, max-image-preview:large, max-video-preview:-1\" \/>\n<link rel=\"canonical\" href=\"https:\/\/mariamartelli.ro\/en\/un-text-un-proiect-in-zine\/\" \/>\n<meta property=\"og:locale\" content=\"en_US\" \/>\n<meta property=\"og:type\" content=\"article\" \/>\n<meta property=\"og:title\" content=\"Un Text. Un proiect \u00een zine - Maria Martelli\" \/>\n<meta property=\"og:description\" content=\"Un Text. Un proiect de scris &#038; de zine \u00cen 2023 am scris Un Text. Nu mai \u0219tiu exact de unde a venit, \u00eens\u0103 c\u0103utam o modalitate de a m\u0103 juca cu ideea de text, cu literele, cu ce poate cuv\u00e2ntul scris. A scrie \u0219i a m\u0103 \u00eentreba despre scris, despre stranietatea semnelor pe pagin\u0103&hellip;\" \/>\n<meta property=\"og:url\" content=\"https:\/\/mariamartelli.ro\/en\/un-text-un-proiect-in-zine\/\" \/>\n<meta property=\"og:site_name\" content=\"Maria Martelli\" \/>\n<meta property=\"article:publisher\" content=\"https:\/\/www.facebook.com\/maria.martelli.3\/\" \/>\n<meta property=\"article:modified_time\" content=\"2025-11-14T13:48:17+00:00\" \/>\n<meta name=\"twitter:card\" content=\"summary_large_image\" \/>\n<meta name=\"twitter:site\" content=\"@mistheother\" \/>\n<script type=\"application\/ld+json\" class=\"yoast-schema-graph\">{\"@context\":\"https:\/\/schema.org\",\"@graph\":[{\"@type\":\"WebPage\",\"@id\":\"https:\/\/mariamartelli.ro\/un-text-un-proiect-in-zine\/\",\"url\":\"https:\/\/mariamartelli.ro\/un-text-un-proiect-in-zine\/\",\"name\":\"Un Text. Un proiect \u00een zine - Maria Martelli\",\"isPartOf\":{\"@id\":\"https:\/\/mariamartelli.ro\/#website\"},\"datePublished\":\"2024-12-28T12:14:39+00:00\",\"dateModified\":\"2025-11-14T13:48:17+00:00\",\"breadcrumb\":{\"@id\":\"https:\/\/mariamartelli.ro\/un-text-un-proiect-in-zine\/#breadcrumb\"},\"inLanguage\":\"en-US\",\"potentialAction\":[{\"@type\":\"ReadAction\",\"target\":[\"https:\/\/mariamartelli.ro\/un-text-un-proiect-in-zine\/\"]}]},{\"@type\":\"BreadcrumbList\",\"@id\":\"https:\/\/mariamartelli.ro\/un-text-un-proiect-in-zine\/#breadcrumb\",\"itemListElement\":[{\"@type\":\"ListItem\",\"position\":1,\"name\":\"Prima pagin\u0103\",\"item\":\"https:\/\/mariamartelli.ro\/\"},{\"@type\":\"ListItem\",\"position\":2,\"name\":\"Un Text. Un proiect \u00een zine\"}]},{\"@type\":\"WebSite\",\"@id\":\"https:\/\/mariamartelli.ro\/#website\",\"url\":\"https:\/\/mariamartelli.ro\/\",\"name\":\"Maria Martelli\",\"description\":\"scriitoare \u0219i cercet\u0103toare\",\"publisher\":{\"@id\":\"https:\/\/mariamartelli.ro\/#\/schema\/person\/5441fde8a1da90e2c027f3e614520afa\"},\"potentialAction\":[{\"@type\":\"SearchAction\",\"target\":{\"@type\":\"EntryPoint\",\"urlTemplate\":\"https:\/\/mariamartelli.ro\/?s={search_term_string}\"},\"query-input\":{\"@type\":\"PropertyValueSpecification\",\"valueRequired\":true,\"valueName\":\"search_term_string\"}}],\"inLanguage\":\"en-US\"},{\"@type\":[\"Person\",\"Organization\"],\"@id\":\"https:\/\/mariamartelli.ro\/#\/schema\/person\/5441fde8a1da90e2c027f3e614520afa\",\"name\":\"Maria Martelli\",\"image\":{\"@type\":\"ImageObject\",\"inLanguage\":\"en-US\",\"@id\":\"https:\/\/mariamartelli.ro\/#\/schema\/person\/image\/\",\"url\":\"http:\/\/mariamartelli.ro\/wp-content\/uploads\/2023\/11\/cropped-M-avatar-02.png\",\"contentUrl\":\"http:\/\/mariamartelli.ro\/wp-content\/uploads\/2023\/11\/cropped-M-avatar-02.png\",\"width\":512,\"height\":512,\"caption\":\"Maria Martelli\"},\"logo\":{\"@id\":\"https:\/\/mariamartelli.ro\/#\/schema\/person\/image\/\"},\"description\":\"Maria Martelli scrie \u0219i face cercetare mix\u00e2nd teorii queer-feministe \u0219i antispeciiste.\",\"sameAs\":[\"http:\/\/mariamartelli.ro\",\"https:\/\/www.facebook.com\/maria.martelli.3\/\",\"https:\/\/www.instagram.com\/maria.m.martelli\/\",\"https:\/\/x.com\/mistheother\",\"https:\/\/www.youtube.com\/@MariaMartelli\"]}]}<\/script>\n<!-- \/ Yoast SEO plugin. -->","yoast_head_json":{"title":"Un Text. Un proiect \u00een zine - Maria Martelli","robots":{"index":"index","follow":"follow","max-snippet":"max-snippet:-1","max-image-preview":"max-image-preview:large","max-video-preview":"max-video-preview:-1"},"canonical":"https:\/\/mariamartelli.ro\/en\/un-text-un-proiect-in-zine\/","og_locale":"en_US","og_type":"article","og_title":"Un Text. Un proiect \u00een zine - Maria Martelli","og_description":"Un Text. Un proiect de scris &#038; de zine \u00cen 2023 am scris Un Text. Nu mai \u0219tiu exact de unde a venit, \u00eens\u0103 c\u0103utam o modalitate de a m\u0103 juca cu ideea de text, cu literele, cu ce poate cuv\u00e2ntul scris. A scrie \u0219i a m\u0103 \u00eentreba despre scris, despre stranietatea semnelor pe pagin\u0103&hellip;","og_url":"https:\/\/mariamartelli.ro\/en\/un-text-un-proiect-in-zine\/","og_site_name":"Maria Martelli","article_publisher":"https:\/\/www.facebook.com\/maria.martelli.3\/","article_modified_time":"2025-11-14T13:48:17+00:00","twitter_card":"summary_large_image","twitter_site":"@mistheother","schema":{"@context":"https:\/\/schema.org","@graph":[{"@type":"WebPage","@id":"https:\/\/mariamartelli.ro\/un-text-un-proiect-in-zine\/","url":"https:\/\/mariamartelli.ro\/un-text-un-proiect-in-zine\/","name":"Un Text. Un proiect \u00een zine - Maria Martelli","isPartOf":{"@id":"https:\/\/mariamartelli.ro\/#website"},"datePublished":"2024-12-28T12:14:39+00:00","dateModified":"2025-11-14T13:48:17+00:00","breadcrumb":{"@id":"https:\/\/mariamartelli.ro\/un-text-un-proiect-in-zine\/#breadcrumb"},"inLanguage":"en-US","potentialAction":[{"@type":"ReadAction","target":["https:\/\/mariamartelli.ro\/un-text-un-proiect-in-zine\/"]}]},{"@type":"BreadcrumbList","@id":"https:\/\/mariamartelli.ro\/un-text-un-proiect-in-zine\/#breadcrumb","itemListElement":[{"@type":"ListItem","position":1,"name":"Prima pagin\u0103","item":"https:\/\/mariamartelli.ro\/"},{"@type":"ListItem","position":2,"name":"Un Text. Un proiect \u00een zine"}]},{"@type":"WebSite","@id":"https:\/\/mariamartelli.ro\/#website","url":"https:\/\/mariamartelli.ro\/","name":"Maria Martelli","description":"scriitoare \u0219i cercet\u0103toare","publisher":{"@id":"https:\/\/mariamartelli.ro\/#\/schema\/person\/5441fde8a1da90e2c027f3e614520afa"},"potentialAction":[{"@type":"SearchAction","target":{"@type":"EntryPoint","urlTemplate":"https:\/\/mariamartelli.ro\/?s={search_term_string}"},"query-input":{"@type":"PropertyValueSpecification","valueRequired":true,"valueName":"search_term_string"}}],"inLanguage":"en-US"},{"@type":["Person","Organization"],"@id":"https:\/\/mariamartelli.ro\/#\/schema\/person\/5441fde8a1da90e2c027f3e614520afa","name":"Maria Martelli","image":{"@type":"ImageObject","inLanguage":"en-US","@id":"https:\/\/mariamartelli.ro\/#\/schema\/person\/image\/","url":"http:\/\/mariamartelli.ro\/wp-content\/uploads\/2023\/11\/cropped-M-avatar-02.png","contentUrl":"http:\/\/mariamartelli.ro\/wp-content\/uploads\/2023\/11\/cropped-M-avatar-02.png","width":512,"height":512,"caption":"Maria Martelli"},"logo":{"@id":"https:\/\/mariamartelli.ro\/#\/schema\/person\/image\/"},"description":"Maria Martelli scrie \u0219i face cercetare mix\u00e2nd teorii queer-feministe \u0219i antispeciiste.","sameAs":["http:\/\/mariamartelli.ro","https:\/\/www.facebook.com\/maria.martelli.3\/","https:\/\/www.instagram.com\/maria.m.martelli\/","https:\/\/x.com\/mistheother","https:\/\/www.youtube.com\/@MariaMartelli"]}]}},"jetpack_sharing_enabled":true,"_links":{"self":[{"href":"https:\/\/mariamartelli.ro\/en\/wp-json\/wp\/v2\/pages\/385","targetHints":{"allow":["GET"]}}],"collection":[{"href":"https:\/\/mariamartelli.ro\/en\/wp-json\/wp\/v2\/pages"}],"about":[{"href":"https:\/\/mariamartelli.ro\/en\/wp-json\/wp\/v2\/types\/page"}],"author":[{"embeddable":true,"href":"https:\/\/mariamartelli.ro\/en\/wp-json\/wp\/v2\/users\/1"}],"replies":[{"embeddable":true,"href":"https:\/\/mariamartelli.ro\/en\/wp-json\/wp\/v2\/comments?post=385"}],"version-history":[{"count":4,"href":"https:\/\/mariamartelli.ro\/en\/wp-json\/wp\/v2\/pages\/385\/revisions"}],"predecessor-version":[{"id":448,"href":"https:\/\/mariamartelli.ro\/en\/wp-json\/wp\/v2\/pages\/385\/revisions\/448"}],"wp:attachment":[{"href":"https:\/\/mariamartelli.ro\/en\/wp-json\/wp\/v2\/media?parent=385"}],"curies":[{"name":"wp","href":"https:\/\/api.w.org\/{rel}","templated":true}]}}

Un Text. Un proiect în zine

<h2>
		Un Text. Un proiect de scris &#038; de zine
	</h2>
	<p>În 2023 am scris <strong>Un Text</strong>. Nu mai știu exact de unde a venit, însă căutam o modalitate de a mă juca cu ideea de text, cu literele, cu ce poate cuvântul scris. A scrie și a mă întreba despre scris, despre stranietatea semnelor pe pagină care pot comunica emoții și gânduri. Mă gândeam să las paginile cât mai dez/ordinate, deschise, să se poată scrie lângă, și cu timpul, să-l editez atât de mult încât să devină altul, să fie Un Text modificat, departe de versiunea originală.</p>
<p>În 2024 m-am pus să scriu fără să-l recitesc măcar. Am vrut să aflu ce o să scriu acum pornind de la text, de la amintirea vagă a ideii de anul trecut. Așa am scris <strong>Un Alt Text</strong>.</p>
<p>În 2025 am revenit la acest joc &#8211; de data asta, a ieșit altfel. Uitasem ce făcusem până acum, nu am recitit, ca de obicei, și am împins textul în direcții noi, pământești, reavăne. Se numește <strong>Un text într-o pădure de litere</strong>.</p>
<p>Planuiesc, deci, să continui acest exercițiu, în fiecare an, până își îndeplinește &#8211; și doar apoi pierde &#8211; semnificația.</p>
<p>Să scriu „Un text&#8221;, iar și iar, la diferență de un an. Să aflu ce fac anii cu „textul&#8221;.</p>
	<p>Un Text. Maria Martelli, design și tehnoredactare de Mina Mimosa. 11 pg, 2023.</p>
<p>Un Alt Text. Maria Martelli, design și tehnoredactare de Mina Mimosa, redactare de Raluca Panait 24 pg, 2024.</p>
<p>Un text într-o pădure de litere. Maria Martelli, design și tehnoredactare de Mina Mimosa, 24 pg, 2025.</p>
	<p>Zinele sunt tipărite în tiraj foarte mic (20 &#8211; 30 exemplare). Primele două au fost tipărite pe hârtie 100 mg, Aquarello Avorio, motiv pentru care au fost relativ scumpe. O altă variantă de tipar pe hârtie 80gr nu ar fi arătat îndeajuns de bine și nu ar fi fost mult mai ieftină. În 2025 apelând la prietenx am găsit o modalitate de a tipări ceva mai ieftin, și ultimul număr se găsește pe librăria <a href="https://www.pisica-neagra.ro/produse-161/un-text-%C3%AEntr-o-p%C4%83dure-de-litere-maria-martelli.html">Pisica Neagră.</a></p>
<p>Dacă vrei să le citești PDF poți să-mi scri.</p>

<p>Un Text. Un proiect de scris &#038; de zine În 2023 am scris Un Text. Nu mai știu exact de unde a venit, însă căutam o modalitate de a mă juca cu ideea de text, cu literele, cu ce poate cuvântul scris. A scrie și a mă întreba despre scris, despre stranietatea semnelor pe pagină&hellip;</p>

<!-- This site is optimized with the Yoast SEO plugin v26.7 - https://yoast.com/wordpress/plugins/seo/ -->
<title>Un Text. Un proiect în zine - Maria Martelli</title>
<meta name="robots" content="index, follow, max-snippet:-1, max-image-preview:large, max-video-preview:-1" />
<link rel="canonical" href="https://mariamartelli.ro/en/un-text-un-proiect-in-zine/" />
<meta property="og:locale" content="en_US" />
<meta property="og:type" content="article" />
<meta property="og:title" content="Un Text. Un proiect în zine - Maria Martelli" />
<meta property="og:description" content="Un Text. Un proiect de scris &#038; de zine În 2023 am scris Un Text. Nu mai știu exact de unde a venit, însă căutam o modalitate de a mă juca cu ideea de text, cu literele, cu ce poate cuvântul scris. A scrie și a mă întreba despre scris, despre stranietatea semnelor pe pagină&hellip;" />
<meta property="og:url" content="https://mariamartelli.ro/en/un-text-un-proiect-in-zine/" />
<meta property="og:site_name" content="Maria Martelli" />
<meta property="article:publisher" content="https://www.facebook.com/maria.martelli.3/" />
<meta property="article:modified_time" content="2025-11-14T13:48:17+00:00" />
<meta name="twitter:card" content="summary_large_image" />
<meta name="twitter:site" content="@mistheother" />
<script type="application/ld+json" class="yoast-schema-graph">{"@context":"https://schema.org","@graph":[{"@type":"WebPage","@id":"https://mariamartelli.ro/un-text-un-proiect-in-zine/","url":"https://mariamartelli.ro/un-text-un-proiect-in-zine/","name":"Un Text. Un proiect în zine - Maria Martelli","isPartOf":{"@id":"https://mariamartelli.ro/#website"},"datePublished":"2024-12-28T12:14:39+00:00","dateModified":"2025-11-14T13:48:17+00:00","breadcrumb":{"@id":"https://mariamartelli.ro/un-text-un-proiect-in-zine/#breadcrumb"},"inLanguage":"en-US","potentialAction":[{"@type":"ReadAction","target":["https://mariamartelli.ro/un-text-un-proiect-in-zine/"]}]},{"@type":"BreadcrumbList","@id":"https://mariamartelli.ro/un-text-un-proiect-in-zine/#breadcrumb","itemListElement":[{"@type":"ListItem","position":1,"name":"Prima pagină","item":"https://mariamartelli.ro/"},{"@type":"ListItem","position":2,"name":"Un Text. Un proiect în zine"}]},{"@type":"WebSite","@id":"https://mariamartelli.ro/#website","url":"https://mariamartelli.ro/","name":"Maria Martelli","description":"scriitoare și cercetătoare","publisher":{"@id":"https://mariamartelli.ro/#/schema/person/5441fde8a1da90e2c027f3e614520afa"},"potentialAction":[{"@type":"SearchAction","target":{"@type":"EntryPoint","urlTemplate":"https://mariamartelli.ro/?s={search_term_string}"},"query-input":{"@type":"PropertyValueSpecification","valueRequired":true,"valueName":"search_term_string"}}],"inLanguage":"en-US"},{"@type":["Person","Organization"],"@id":"https://mariamartelli.ro/#/schema/person/5441fde8a1da90e2c027f3e614520afa","name":"Maria Martelli","image":{"@type":"ImageObject","inLanguage":"en-US","@id":"https://mariamartelli.ro/#/schema/person/image/","url":"http://mariamartelli.ro/wp-content/uploads/2023/11/cropped-M-avatar-02.png","contentUrl":"http://mariamartelli.ro/wp-content/uploads/2023/11/cropped-M-avatar-02.png","width":512,"height":512,"caption":"Maria Martelli"},"logo":{"@id":"https://mariamartelli.ro/#/schema/person/image/"},"description":"Maria Martelli scrie și face cercetare mixând teorii queer-feministe și antispeciiste.","sameAs":["http://mariamartelli.ro","https://www.facebook.com/maria.martelli.3/","https://www.instagram.com/maria.m.martelli/","https://x.com/mistheother","https://www.youtube.com/@MariaMartelli"]}]}</script>
<!-- / Yoast SEO plugin. -->

Un Text. Un proiect în zine - Maria Martelli

Un Text. Un proiect de scris &#038; de zine În 2023 am scris Un Text. Nu mai știu exact de unde a venit, însă căutam o modalitate de a mă juca cu ideea de text, cu literele, cu ce poate cuvântul scris. A scrie și a mă întreba despre scris, despre stranietatea semnelor pe pagină&hellip;

Prima pagină

scriitoare și cercetătoare

Maria Martelli scrie și face cercetare mixând teorii queer-feministe și antispeciiste.
